8619?
False
Is 145 a factor of 19054450?
True
Does 1969 divide 369572347?
False
Is 310125931 a multiple of 12?
False
Does 513 divide 38554646?
False
Is 647 a factor of 301073034?
False
Does 56 divide 70461664?
True
Is 30 a factor of 7420260?
True
Does 970 divide 55282783?
False
Is 102 a factor of 1456158324?
True
Does 4411 divide 225493628?
False
Is 767193492 a multiple of 2262?
True
Is 3653625 a multiple of 375?
True
Is 118758514 a multiple of 359?
False
Is 1203395700 a multiple of 78?
True
Is 3287 a factor of 195918348?
True
Does 5 divide 7683190?
True
Does 3724 divide 36641062?
False
Does 6 divide 64171404?
True
Is 169 a factor of 79263260?
False
Does 84 divide 104985088?
False
Does 192 divide 133042752?
True
Is 333694773 a multiple of 49?
False
Is 14 a factor of 376348?
True
Is 3497839 a multiple of 37?
False
Is 4 a factor of 5529232?
True
Does 311 divide 112429211?
False
Does 25 divide 89032650?
True
Is 4 a factor of 215474104?
True
Is 8 a factor of 38205032?
True
Is 3 a factor of 281084345?
False
Does 5389 divide 932437114?
True
Is 32 a factor of 1606919894?
False
Is 2538 a factor of 1266050811?
False
Does 2492 divide 70664208?
False
Is 201117028 a multiple of 6?
False
Is 585417724 a multiple of 61?
False
Is 435345916 a multiple of 219?
False
Does 219 divide 798979924?
False
Does 197 divide 68539846?
True
Does 2 divide 46058947?
False
Is 378128 a multiple of 16?
True
Does 87 divide 274240898?
False
Is 20 a factor of 3138653800?
True
Is 1682 a factor of 10922883?
False
Does 2 divide 6725916?
True
Does 84 divide 48946464?
True
Is 39705095 a multiple of 12?
False
Does 8 divide 2443089?
False
Is 3413 a factor of 388815786?
True
Does 48 divide 2604944?
False
Does 38 divide 38843475?
False
Is 2874204407 a multiple of 1693?
True
Is 894 a factor of 220270411?
False
Is 30595654 a multiple of 61?
False
Is 205320466 a multiple of 218?
True
Does 264 divide 144499344?
True
Is 461469137 a multiple of 122?
False
Does 1237 divide 381861900?
True
Is 79158440 a multiple of 2607?
False
Does 16 divide 1128492?
False
Is 21 a factor of 8417319?
False
Is 42609820 a multiple of 21?
False
Is 13722023 a multiple of 22?
False
Is 1305265706 a multiple of 65?
False
Is 16 a factor of 47654118?
False
Does 71 divide 325373061?
False
Is 101 a factor of 61922476?
False
Is 10 a factor of 18972450?
True
Is 23444459 a multiple of 136?
False
Does 470 divide 29902446?
False
Is 349 a factor of 1036115737?
True
Is 143 a factor of 30736194?
False
Does 1366 divide 44977479?
False
Is 75489472 a multiple of 296?
True
Is 45498462 a multiple of 46?
True
Does 465 divide 204233908?
False
Does 1108 divide 182279509?
False
Is 312802161 a multiple of 135?
False
Does 13 divide 74230632?
False
Does 17 divide 31368332?
True
Is 4 a factor of 20543282?
False
Is 5 a factor of 33746895?
True
Is 96066982 a multiple of 242?
True
Does 11 divide 4898851232?
True
Is 462955 a multiple of 3?
False
Is 3298957 a multiple of 37?
True
Does 554 divide 826766478?
False
Is 204 a factor of 114342408?
True
Does 27 divide 460958209?
False
Is 660 a factor of 10323720?
True
Is 1075 a factor of 309830050?
True
Does 7 divide 14344421?
True
Is 477529332 a multiple of 311?
False
Does 7 divide 85134199?
False
Is 529 a factor of 4975816064?
False
Does 941 divide 75062166?
False
Is 89289352 a multiple of 6577?
True
Is 17 a factor of 16873137?
False
Is 1469 a factor of 74418292?
False
Is 22670900 a multiple of 25?
True
Is 659928880 a multiple of 13?
True
Does 705 divide 604633645?
False
Does 310 divide 59047560?
True
Does 54 divide 29195947?
False
Does 244 divide 24752824?
True
Is 1320 a factor of 710574557?
False
Is 852 a factor of 100928772?
True
Is 172030058 a multiple of 94?
True
Is 14 a factor of 1247543639?
False
Does 732 divide 146470272?
True
Is 919 a factor of 3290735553?
False
Does 13 divide 53301820?
True
Does 8 divide 383586641?
False
Is 27350625 a multiple of 2175?
True
Does 37 divide 1789922?
False
Is 192 a factor of 318367296?
True
Is 147783679 a multiple of 821?
False
Is 52560354 a multiple of 58?
True
Is 214 a factor of 26834958?
True
Is 7 a factor of 48960905?
True
Is 7577938 a multiple of 23?
False
Does 4880 divide 1228164240?
True
Is 93 a factor of 616924149?
True
Is 51 a factor of 164898249?
True
Is 1833 a factor of 99300942?
True
Is 21 a factor of 67826136?
True
Is 19 a factor of 238685021?
False
Is 76775828 a multiple of 99?
False
Is 17 a factor of 47948500?
True
Is 145 a factor of 283043595?
False
Is 11 a factor of 19802989?
False
Does 38 divide 4245072?
False
Is 8129061 a multiple of 197?
False
Is 5494 a factor of 811163246?
False
Does 19 divide 1148258445?
True
Does 680 divide 76397536?
False
Does 451 divide 39615389?
True
Is 504569037 a multiple of 21?
True
Is 251 a factor of 2558991785?
False
Is 1207 a factor of 46470707?
True
Is 125 a factor of 6526456?
False
Is 396871543 a multiple of 44?
False
Is 1693751 a multiple of 16?
False
Is 21 a factor of 209426799?
False
Is 15112595 a multiple of 432?
False
Is 37945601 a multiple of 11?
False
Is 12879743 a multiple of 728?
False
Is 37013264 a multiple of 262?
True
Is 17 a factor of 1314138760?
True
Is 41904430 a multiple of 3490?
True
Does 75 divide 1852950?
True
Is 2796401275 a multiple of 3872?
False
Is 15006920 a multiple of 145?
True
Does 739 divide 305388509?
False
Is 434 a factor of 27631777?
False
Is 222396614 a multiple of 5?
False
Does 404 divide 182244288?
False
Is 35820967 a multiple of 59?
False
Is 132 a factor of 65494874?
False
Is 842786 a multiple of 260?
False
Is 310 a factor of 3916230?
True
Is 16912551 a multiple of 303?
True
Does 741 divide 1629100644?
False
Is 89635818 a multiple of 3467?
True
Is 116 a factor of 82372955?
False
Is 166 a factor of 651373044?
True
Is 5669323317 a multiple of 12489?
False
Does 988 divide 99683883?
False
Is 3063862035 a multiple of 59?
True
Does 21 divide 2471003388?
True
Is 22464480 a multiple of 11?
False
Does 329 divide 481549895?
False
Is 9707698 a multiple of 26?
True
Is 247194038 a multiple of 10?
False
Is 20 a factor of 1061410785?
False
Is 279945944 a multiple of 8?
True
Does 1446 divide 341362601?
False
Is 18 a factor of 183036983?
False
Does 205 divide 42467407?
False
Is 246 a factor of 937181?
False
Is 116 a factor of 135018548?
True
Is 8076 a factor of 512632176?
True
Is 288 a factor of 3987919584?
True
Is 15242576 a multiple of 20?
False
Is 27702027 a multiple of 9?
True
Does 166 divide 4175862966?
True
Is 106822998 a multiple of 42?
False
Does 44 divide 8988936?
True
Does 1572 divide 84590892?
True
Is 552 a factor of 104053656?
True
Is 4 a factor of 4132911?
False
Does 404 divide 468168936?
True
Is 16 a factor of 300592624?
True
Is 3451368 a multiple of 532?
False
Is 113 a factor of 1657275628?
True
Is 34 a factor of 395721648?
True
Does 3930 divide 118123051?
False
Is 1887264 a multiple of 27?
False
Is 90880675 a multiple of 442?
False
Is 18 a factor of 26101314?
True
Is 189411801 a multiple of 916?
False
Is 1128 a factor of 84358608?
True
Is 1961545340 a multiple of 430?
False
Does 39 divide 75264384?
True
Is 4033 a factor of 48483552?
False
Is 17 a factor of 12336373?
True
Does 917 divide 13659632?
True
Is 7 a factor of 16407620?
False
Is 3883 a factor of 281498085?
True
Is 34858403 a multiple of 2?
False
Is 4682 a factor of 164760338?
False
Is 5183386 a multiple of 59?
True
Is 41 a factor of 1716206249?
True
Does 17 divide 25191314?
True
Is 1961255925 a multiple of 25?
True
Is 296925918 a multiple of 61?
True
Does 109 divide 1095980612?
True
Is 35198524 a multiple of 441?
False
Is 1238247 a multiple of 3?
True
Is 16 a factor of 27983142?
False
Does 127 divide 716660?
False
Is 958 a factor of 33042378?
True
Is 21 a factor of 649167708?
True
Does 1989 divide 1230375510?
True
Is 1238128334 a multiple of 2844?
False
Is 514 a factor of 133718085?
False
Does 2585 divide 239262430?
True
Does 164 divide 210498850?
False
Is 46 a factor of 94777308?
False
Is 3405461 a multiple of 12?
False
Is 174 a factor of 67521811?
False
Does 344 divide 1940171352?
True
Is 440 a factor of 48455000?
True
Does 11 divide 1238336?
True
Is 61 a factor of 25028605?
True
Is 549 a factor of 56798953?
False
Does 480 divide 33749173?
False
Is 12 a factor of 4457148?
True
Is 396539000 a multiple of 4?
True
Does 4